{"id":11,"date":"2023-07-18T16:55:08","date_gmt":"2023-07-18T14:55:08","guid":{"rendered":"http:\/\/clipenx.cluster028.hosting.ovh.net\/?page_id=11"},"modified":"2025-12-15T15:04:00","modified_gmt":"2025-12-15T14:04:00","slug":"atelier-culinaire","status":"publish","type":"page","link":"https:\/\/clipenclape.ovh\/index.php\/atelier-culinaire\/","title":{"rendered":"Atelier culinaire"},"content":{"rendered":"\n<h2 class=\"wp-block-heading has-text-align-center\"><strong>Partageons nos recettes<\/strong><\/h2>\n\n\n\n<p class=\"has-text-align-center has-primary-color has-text-color has-background has-link-color has-large-font-size wp-elements-c5b9535313a6f902cf9cf0e5292bd6e6\" style=\"background-color:#59d3cb\"><strong>Atelier anim\u00e9 par Dominique Billot<br>une matin\u00e9e toutes les 6 semaines \u00e0 partir de 10 h<br>\u00e0 la salle polyvalente<\/strong><\/p>\n\n\n\n<h2 class=\"wp-block-heading has-text-align-center has-large-font-size\">calendrier des ateliers<\/h2>\n\n\n\n<ul class=\"wp-block-list\">\n<li class=\"has-large-font-size\"><strong>Vous \u00eates invit\u00e9s \u00e0 prochaine r\u00e9union <strong>le jeudi 15 janvier 2026 \u00e0 11h salle polyvalente<\/strong>, o\u00f9 sera mis en place l&rsquo;agenda de l&rsquo;atelier.<\/strong><\/li>\n<\/ul>\n\n\n\n<p class=\"has-accent-color has-text-color has-link-color has-larger-font-size wp-elements-40b143a642cf827dba75ee2797b303ad\"><strong><a href=\"https:\/\/clipenclape.ovh\/index.php\/photos-atelier-culinaire-11-12-2025\/\" data-type=\"page\" data-id=\"1402\">Photos de l&rsquo;atelier du 11 d\u00e9cembre 2025<\/a><\/strong><\/p>\n\n\n\n<p class=\"has-larger-font-size\"><strong><a href=\"https:\/\/clipenclape.ovh\/index.php\/photos-atelier-culinaire-15-mai-2025\/\" data-type=\"page\" data-id=\"1147\">Photos de l&rsquo;atelier du 15 mai 2025<\/a><\/strong><\/p>\n\n\n\n<p class=\"has-larger-font-size\"><strong><a href=\"https:\/\/clipenclape.ovh\/index.php\/photos-atelier-culinaire-du-30-janvier-2025\/\" data-type=\"page\" data-id=\"891\">Photos de l&rsquo;atelier du 30 janvier 2025<\/a><\/strong><\/p>\n\n\n\n<p><\/p>\n\n\n\n<p class=\"has-primary-color has-text-color has-link-color has-larger-font-size wp-elements-39aba1530add1ef927b44892de917309\"><\/p>\n\n\n\n<p><\/p>\n","protected":false},"excerpt":{"rendered":"<p>Partageons nos recettes Atelier anim\u00e9 par Dominique Billotune matin\u00e9e toutes les 6 semaines \u00e0 partir de 10 h\u00e0 la salle polyvalente calendrier des ateliers Photos de l&rsquo;atelier du 11 d\u00e9cembre 2025 Photos de l&rsquo;atelier du 15 mai 2025 Photos de l&rsquo;atelier du 30 janvier 2025<\/p>\n","protected":false},"author":1,"featured_media":0,"parent":0,"menu_order":0,"comment_status":"closed","ping_status":"closed","template":"","meta":{"footnotes":""},"class_list":["post-11","page","type-page","status-publish","hentry"],"_links":{"self":[{"href":"https:\/\/clipenclape.ovh\/index.php\/wp-json\/wp\/v2\/pages\/11","targetHints":{"allow":["GET"]}}],"collection":[{"href":"https:\/\/clipenclape.ovh\/index.php\/wp-json\/wp\/v2\/pages"}],"about":[{"href":"https:\/\/clipenclape.ovh\/index.php\/wp-json\/wp\/v2\/types\/page"}],"author":[{"embeddable":true,"href":"https:\/\/clipenclape.ovh\/index.php\/wp-json\/wp\/v2\/users\/1"}],"replies":[{"embeddable":true,"href":"https:\/\/clipenclape.ovh\/index.php\/wp-json\/wp\/v2\/comments?post=11"}],"version-history":[{"count":24,"href":"https:\/\/clipenclape.ovh\/index.php\/wp-json\/wp\/v2\/pages\/11\/revisions"}],"predecessor-version":[{"id":1439,"href":"https:\/\/clipenclape.ovh\/index.php\/wp-json\/wp\/v2\/pages\/11\/revisions\/1439"}],"wp:attachment":[{"href":"https:\/\/clipenclape.ovh\/index.php\/wp-json\/wp\/v2\/media?parent=11"}],"curies":[{"name":"wp","href":"https:\/\/api.w.org\/{rel}","templated":true}]}}

<h2 class="wp-block-heading has-text-align-center"><strong>Partageons nos recettes</strong></h2>



<p class="has-text-align-center has-primary-color has-text-color has-background has-link-color has-large-font-size wp-elements-c5b9535313a6f902cf9cf0e5292bd6e6" style="background-color:#59d3cb"><strong>Atelier animé par Dominique Billot<br>une matinée toutes les 6 semaines à partir de 10 h<br>à la salle polyvalente</strong></p>



<h2 class="wp-block-heading has-text-align-center has-large-font-size">calendrier des ateliers</h2>



<ul class="wp-block-list">
<li class="has-large-font-size"><strong>Vous êtes invités à prochaine réunion <strong>le jeudi 15 janvier 2026 à 11h salle polyvalente</strong>, où sera mis en place l&rsquo;agenda de l&rsquo;atelier.</strong></li>
</ul>



<p class="has-accent-color has-text-color has-link-color has-larger-font-size wp-elements-40b143a642cf827dba75ee2797b303ad"><strong><a href="https://clipenclape.ovh/index.php/photos-atelier-culinaire-11-12-2025/" data-type="page" data-id="1402">Photos de l&rsquo;atelier du 11 décembre 2025</a></strong></p>



<p class="has-larger-font-size"><strong><a href="https://clipenclape.ovh/index.php/photos-atelier-culinaire-15-mai-2025/" data-type="page" data-id="1147">Photos de l&rsquo;atelier du 15 mai 2025</a></strong></p>



<p class="has-larger-font-size"><strong><a href="https://clipenclape.ovh/index.php/photos-atelier-culinaire-du-30-janvier-2025/" data-type="page" data-id="891">Photos de l&rsquo;atelier du 30 janvier 2025</a></strong></p>



<p></p>



<p class="has-primary-color has-text-color has-link-color has-larger-font-size wp-elements-39aba1530add1ef927b44892de917309"></p>



<p></p>

<p>Partageons nos recettes Atelier animé par Dominique Billotune matinée toutes les 6 semaines à partir de 10 hà la salle polyvalente calendrier des ateliers Photos de l&rsquo;atelier du 11 décembre 2025 Photos de l&rsquo;atelier du 15 mai 2025 Photos de l&rsquo;atelier du 30 janvier 2025</p>
