{"id":151,"date":"2023-08-10T14:47:31","date_gmt":"2023-08-10T12:47:31","guid":{"rendered":"https:\/\/clipenx.cluster028.hosting.ovh.net\/?page_id=151"},"modified":"2025-01-19T12:07:20","modified_gmt":"2025-01-19T11:07:20","slug":"revues-de-presse","status":"publish","type":"page","link":"https:\/\/clipenclape.ovh\/index.php\/revues-de-presse\/","title":{"rendered":"Revues de presse"},"content":{"rendered":"\n<ul class=\"wp-block-list\">\n<li><a href=\"https:\/\/clipenclape.ovh\/wp-content\/uploads\/2025\/01\/galette_2025.pdf\">Galettes des rois<\/a> 10\/01\/2025<\/li>\n\n\n\n<li><a href=\"https:\/\/clipenclape.ovh\/wp-content\/uploads\/2024\/11\/Article_AG_11_2024.pdf\">Assembl\u00e9e G\u00e9n\u00e9rale<\/a> 15\/11\/2024<\/li>\n\n\n\n<li><a href=\"https:\/\/clipenclape.ovh\/wp-content\/uploads\/2024\/06\/CeC__costa_dorada.pdf\">Voyage Salou<\/a> 20\/05\/2024<\/li>\n\n\n\n<li><a href=\"https:\/\/clipenclape.ovh\/wp-content\/uploads\/2023\/11\/article-AG2023.pdf\">Assembl\u00e9e G\u00e9n\u00e9rale<\/a> 10\/11\/2023<\/li>\n\n\n\n<li><a href=\"https:\/\/clipenclape.ovh\/wp-content\/uploads\/2023\/08\/karoke_05_2023_ehpad.pdf\" data-type=\"link\" data-id=\"https:\/\/clipenx.cluster028.hosting.ovh.net\/wp-content\/uploads\/2023\/08\/karoke_05_2023_ehpad.pdf\">Karaok\u00e9 \u00e0 la maison de retraite<\/a> 05\/2023<\/li>\n\n\n\n<li><a href=\"https:\/\/clipenclape.ovh\/wp-content\/uploads\/2023\/08\/article2023_Rocamadour.pdf\">Clip en Clape \u00e0 Rocamadour<\/a> 05\/2023<\/li>\n<\/ul>\n","protected":false},"excerpt":{"rendered":"","protected":false},"author":1,"featured_media":0,"parent":0,"menu_order":0,"comment_status":"closed","ping_status":"closed","template":"","meta":{"footnotes":""},"class_list":["post-151","page","type-page","status-publish","hentry"],"_links":{"self":[{"href":"https:\/\/clipenclape.ovh\/index.php\/wp-json\/wp\/v2\/pages\/151","targetHints":{"allow":["GET"]}}],"collection":[{"href":"https:\/\/clipenclape.ovh\/index.php\/wp-json\/wp\/v2\/pages"}],"about":[{"href":"https:\/\/clipenclape.ovh\/index.php\/wp-json\/wp\/v2\/types\/page"}],"author":[{"embeddable":true,"href":"https:\/\/clipenclape.ovh\/index.php\/wp-json\/wp\/v2\/users\/1"}],"replies":[{"embeddable":true,"href":"https:\/\/clipenclape.ovh\/index.php\/wp-json\/wp\/v2\/comments?post=151"}],"version-history":[{"count":23,"href":"https:\/\/clipenclape.ovh\/index.php\/wp-json\/wp\/v2\/pages\/151\/revisions"}],"predecessor-version":[{"id":881,"href":"https:\/\/clipenclape.ovh\/index.php\/wp-json\/wp\/v2\/pages\/151\/revisions\/881"}],"wp:attachment":[{"href":"https:\/\/clipenclape.ovh\/index.php\/wp-json\/wp\/v2\/media?parent=151"}],"curies":[{"name":"wp","href":"https:\/\/api.w.org\/{rel}","templated":true}]}}