{"id":88,"date":"2023-08-05T17:12:38","date_gmt":"2023-08-05T15:12:38","guid":{"rendered":"https:\/\/clipenx.cluster028.hosting.ovh.net\/?page_id=88"},"modified":"2025-08-28T14:53:17","modified_gmt":"2025-08-28T12:53:17","slug":"atelier-creatif","status":"publish","type":"page","link":"https:\/\/clipenclape.ovh\/index.php\/atelier-creatif\/","title":{"rendered":"Atelier cr\u00e9atif et Jeux"},"content":{"rendered":"\n<p class=\"has-text-align-center has-larger-font-size\"><small><strong>Les jeudis de 14 h 15 \u00e0 17 h 30<\/strong><\/small>, <small><strong>Salle Polyvalente <\/strong><\/small><\/p>\n\n\n\n<p class=\"has-text-align-center has-accent-background-color has-background has-normal-font-size\"><strong><small>Christiane animera cet atelier cr\u00e9atif et sera heureuse de vous recevoir.<\/small><br><small>Avec sa gentillesse et sa bonne humeur habituelle, elle vous donnera :<br>\u00a0conseils, id\u00e9es, marches \u00e0 suivre pour vos projets de couture ou de cr\u00e9ation&#8230; Atelier anti-stress !!!<\/small> <\/strong><\/p>\n\n\n\n<p class=\"has-background has-small-font-size\" style=\"background-color:#51f90b\"><strong>Dans une autre partie de la salle, se r\u00e9unissent \u00e9galement les joueurs de cartes et de jeux ludiques. L&rsquo;ambiance est toujours tr\u00e8s conviviale ! et chacun(e)s se retrouvent \u00e0 16 h pour une pose go\u00fbter tr\u00e8s appr\u00e9ci\u00e9e.<\/strong><\/p>\n\n\n\n<figure class=\"wp-block-gallery has-nested-images columns-default is-cropped wp-block-gallery-1 is-layout-flex wp-block-gallery-is-layout-flex\">\n<figure class=\"wp-block-image size-large\"><img fetchpriority=\"high\" decoding=\"async\" width=\"1024\" height=\"768\" data-id=\"454\" src=\"https:\/\/clipenclape.ovh\/wp-content\/uploads\/2024\/03\/20240328_144148-1024x768.jpg\" alt=\"\" class=\"wp-image-454\" srcset=\"https:\/\/clipenclape.ovh\/wp-content\/uploads\/2024\/03\/20240328_144148-1024x768.jpg 1024w, https:\/\/clipenclape.ovh\/wp-content\/uploads\/2024\/03\/20240328_144148-300x225.jpg 300w, https:\/\/clipenclape.ovh\/wp-content\/uploads\/2024\/03\/20240328_144148-768x576.jpg 768w, https:\/\/clipenclape.ovh\/wp-content\/uploads\/2024\/03\/20240328_144148-1536x1152.jpg 1536w, https:\/\/clipenclape.ovh\/wp-content\/uploads\/2024\/03\/20240328_144148-2048x1536.jpg 2048w, https:\/\/clipenclape.ovh\/wp-content\/uploads\/2024\/03\/20240328_144148-1200x900.jpg 1200w, https:\/\/clipenclape.ovh\/wp-content\/uploads\/2024\/03\/20240328_144148-1980x1485.jpg 1980w\" sizes=\"(max-width: 1024px) 100vw, 1024px\" \/><\/figure>\n\n\n\n<figure class=\"wp-block-image size-large\"><img decoding=\"async\" width=\"1024\" height=\"768\" data-id=\"453\" src=\"https:\/\/clipenclape.ovh\/wp-content\/uploads\/2024\/03\/20240328_144146-1024x768.jpg\" alt=\"\" class=\"wp-image-453\" srcset=\"https:\/\/clipenclape.ovh\/wp-content\/uploads\/2024\/03\/20240328_144146-1024x768.jpg 1024w, https:\/\/clipenclape.ovh\/wp-content\/uploads\/2024\/03\/20240328_144146-300x225.jpg 300w, https:\/\/clipenclape.ovh\/wp-content\/uploads\/2024\/03\/20240328_144146-768x576.jpg 768w, https:\/\/clipenclape.ovh\/wp-content\/uploads\/2024\/03\/20240328_144146-1536x1152.jpg 1536w, https:\/\/clipenclape.ovh\/wp-content\/uploads\/2024\/03\/20240328_144146-2048x1536.jpg 2048w, https:\/\/clipenclape.ovh\/wp-content\/uploads\/2024\/03\/20240328_144146-1200x900.jpg 1200w, https:\/\/clipenclape.ovh\/wp-content\/uploads\/2024\/03\/20240328_144146-1980x1485.jpg 1980w\" sizes=\"(max-width: 1024px) 100vw, 1024px\" \/><figcaption class=\"wp-element-caption\">Atelier Cr\u00e9atif et Jeux le jeudi apr\u00e8s-midi<\/figcaption><\/figure>\n<\/figure>\n\n\n\n<figure class=\"wp-block-gallery has-nested-images columns-default is-cropped wp-block-gallery-2 is-layout-flex wp-block-gallery-is-layout-flex\"><\/figure>\n\n\n\n<figure class=\"wp-block-gallery has-nested-images columns-default is-cropped wp-block-gallery-3 is-layout-flex wp-block-gallery-is-layout-flex\"><\/figure>\n\n\n\n<figure class=\"wp-block-image size-large\"><img decoding=\"async\" width=\"1024\" height=\"768\" src=\"https:\/\/clipenclape.ovh\/wp-content\/uploads\/2023\/11\/IMG_20231116_151528-1024x768.jpg\" alt=\"\" class=\"wp-image-424\" srcset=\"https:\/\/clipenclape.ovh\/wp-content\/uploads\/2023\/11\/IMG_20231116_151528-1024x768.jpg 1024w, https:\/\/clipenclape.ovh\/wp-content\/uploads\/2023\/11\/IMG_20231116_151528-300x225.jpg 300w, https:\/\/clipenclape.ovh\/wp-content\/uploads\/2023\/11\/IMG_20231116_151528-768x576.jpg 768w, https:\/\/clipenclape.ovh\/wp-content\/uploads\/2023\/11\/IMG_20231116_151528-1536x1152.jpg 1536w, https:\/\/clipenclape.ovh\/wp-content\/uploads\/2023\/11\/IMG_20231116_151528-2048x1536.jpg 2048w, https:\/\/clipenclape.ovh\/wp-content\/uploads\/2023\/11\/IMG_20231116_151528-1200x900.jpg 1200w, https:\/\/clipenclape.ovh\/wp-content\/uploads\/2023\/11\/IMG_20231116_151528-1980x1485.jpg 1980w\" sizes=\"(max-width: 1024px) 100vw, 1024px\" \/><\/figure>\n\n\n\n<figure class=\"wp-block-image size-large\"><img loading=\"lazy\" decoding=\"async\" width=\"1024\" height=\"768\" src=\"https:\/\/clipenclape.ovh\/wp-content\/uploads\/2023\/11\/IMG_20231116_151524-1024x768.jpg\" alt=\"\" class=\"wp-image-422\" srcset=\"https:\/\/clipenclape.ovh\/wp-content\/uploads\/2023\/11\/IMG_20231116_151524-1024x768.jpg 1024w, https:\/\/clipenclape.ovh\/wp-content\/uploads\/2023\/11\/IMG_20231116_151524-300x225.jpg 300w, https:\/\/clipenclape.ovh\/wp-content\/uploads\/2023\/11\/IMG_20231116_151524-768x576.jpg 768w, https:\/\/clipenclape.ovh\/wp-content\/uploads\/2023\/11\/IMG_20231116_151524-1536x1152.jpg 1536w, https:\/\/clipenclape.ovh\/wp-content\/uploads\/2023\/11\/IMG_20231116_151524-2048x1536.jpg 2048w, https:\/\/clipenclape.ovh\/wp-content\/uploads\/2023\/11\/IMG_20231116_151524-1200x900.jpg 1200w, https:\/\/clipenclape.ovh\/wp-content\/uploads\/2023\/11\/IMG_20231116_151524-1980x1485.jpg 1980w\" sizes=\"(max-width: 1024px) 100vw, 1024px\" \/><\/figure>\n\n\n\n<figure class=\"wp-block-image size-large\"><img loading=\"lazy\" decoding=\"async\" width=\"768\" height=\"1024\" src=\"https:\/\/clipenclape.ovh\/wp-content\/uploads\/2023\/11\/IMG_20231116_151519-768x1024.jpg\" alt=\"\" class=\"wp-image-421\" srcset=\"https:\/\/clipenclape.ovh\/wp-content\/uploads\/2023\/11\/IMG_20231116_151519-768x1024.jpg 768w, https:\/\/clipenclape.ovh\/wp-content\/uploads\/2023\/11\/IMG_20231116_151519-225x300.jpg 225w, https:\/\/clipenclape.ovh\/wp-content\/uploads\/2023\/11\/IMG_20231116_151519-1152x1536.jpg 1152w, https:\/\/clipenclape.ovh\/wp-content\/uploads\/2023\/11\/IMG_20231116_151519-1536x2048.jpg 1536w, https:\/\/clipenclape.ovh\/wp-content\/uploads\/2023\/11\/IMG_20231116_151519-1200x1600.jpg 1200w, https:\/\/clipenclape.ovh\/wp-content\/uploads\/2023\/11\/IMG_20231116_151519-1980x2640.jpg 1980w, https:\/\/clipenclape.ovh\/wp-content\/uploads\/2023\/11\/IMG_20231116_151519-scaled.jpg 1920w\" sizes=\"(max-width: 768px) 100vw, 768px\" \/><\/figure>\n\n\n\n<figure class=\"wp-block-image size-large\"><img loading=\"lazy\" decoding=\"async\" width=\"768\" height=\"1024\" src=\"https:\/\/clipenclape.ovh\/wp-content\/uploads\/2023\/11\/IMG_20231116_151515-768x1024.jpg\" alt=\"\" class=\"wp-image-420\" srcset=\"https:\/\/clipenclape.ovh\/wp-content\/uploads\/2023\/11\/IMG_20231116_151515-768x1024.jpg 768w, https:\/\/clipenclape.ovh\/wp-content\/uploads\/2023\/11\/IMG_20231116_151515-225x300.jpg 225w, https:\/\/clipenclape.ovh\/wp-content\/uploads\/2023\/11\/IMG_20231116_151515-1152x1536.jpg 1152w, https:\/\/clipenclape.ovh\/wp-content\/uploads\/2023\/11\/IMG_20231116_151515-1536x2048.jpg 1536w, https:\/\/clipenclape.ovh\/wp-content\/uploads\/2023\/11\/IMG_20231116_151515-1200x1600.jpg 1200w, https:\/\/clipenclape.ovh\/wp-content\/uploads\/2023\/11\/IMG_20231116_151515-1980x2640.jpg 1980w, https:\/\/clipenclape.ovh\/wp-content\/uploads\/2023\/11\/IMG_20231116_151515-scaled.jpg 1920w\" sizes=\"(max-width: 768px) 100vw, 768px\" \/><\/figure>\n\n\n\n<figure class=\"wp-block-gallery has-nested-images columns-default is-cropped wp-block-gallery-4 is-layout-flex wp-block-gallery-is-layout-flex\">\n<figure class=\"wp-block-image size-large\"><img loading=\"lazy\" decoding=\"async\" width=\"768\" height=\"1024\" data-id=\"1001\" src=\"https:\/\/clipenclape.ovh\/wp-content\/uploads\/2025\/02\/20250213_161419-3-768x1024.jpg\" alt=\"\" class=\"wp-image-1001\" srcset=\"https:\/\/clipenclape.ovh\/wp-content\/uploads\/2025\/02\/20250213_161419-3-768x1024.jpg 768w, https:\/\/clipenclape.ovh\/wp-content\/uploads\/2025\/02\/20250213_161419-3-225x300.jpg 225w, https:\/\/clipenclape.ovh\/wp-content\/uploads\/2025\/02\/20250213_161419-3-1152x1536.jpg 1152w, https:\/\/clipenclape.ovh\/wp-content\/uploads\/2025\/02\/20250213_161419-3-1536x2048.jpg 1536w, https:\/\/clipenclape.ovh\/wp-content\/uploads\/2025\/02\/20250213_161419-3-1200x1600.jpg 1200w, https:\/\/clipenclape.ovh\/wp-content\/uploads\/2025\/02\/20250213_161419-3-1980x2640.jpg 1980w, https:\/\/clipenclape.ovh\/wp-content\/uploads\/2025\/02\/20250213_161419-3-scaled.jpg 1920w\" sizes=\"(max-width: 768px) 100vw, 768px\" \/><\/figure>\n\n\n\n<figure class=\"wp-block-image size-large\"><img loading=\"lazy\" decoding=\"async\" width=\"1024\" height=\"768\" data-id=\"997\" src=\"https:\/\/clipenclape.ovh\/wp-content\/uploads\/2025\/02\/20250213_161342-2-1024x768.jpg\" alt=\"\" class=\"wp-image-997\" srcset=\"https:\/\/clipenclape.ovh\/wp-content\/uploads\/2025\/02\/20250213_161342-2-1024x768.jpg 1024w, https:\/\/clipenclape.ovh\/wp-content\/uploads\/2025\/02\/20250213_161342-2-300x225.jpg 300w, https:\/\/clipenclape.ovh\/wp-content\/uploads\/2025\/02\/20250213_161342-2-768x576.jpg 768w, https:\/\/clipenclape.ovh\/wp-content\/uploads\/2025\/02\/20250213_161342-2-1536x1152.jpg 1536w, https:\/\/clipenclape.ovh\/wp-content\/uploads\/2025\/02\/20250213_161342-2-2048x1536.jpg 2048w, https:\/\/clipenclape.ovh\/wp-content\/uploads\/2025\/02\/20250213_161342-2-1200x900.jpg 1200w, https:\/\/clipenclape.ovh\/wp-content\/uploads\/2025\/02\/20250213_161342-2-1980x1485.jpg 1980w\" sizes=\"(max-width: 1024px) 100vw, 1024px\" \/><\/figure>\n\n\n\n<figure class=\"wp-block-image size-large\"><img decoding=\"async\" data-id=\"993\" src=\"https:\/\/clipenclape.ovh\/wp-content\/uploads\/2025\/02\/20250213_161341-2.jpg\" alt=\"\" class=\"wp-image-993\"\/><\/figure>\n\n\n\n<figure class=\"wp-block-image size-large\"><img loading=\"lazy\" decoding=\"async\" width=\"1024\" height=\"768\" data-id=\"992\" src=\"https:\/\/clipenclape.ovh\/wp-content\/uploads\/2025\/02\/20250213_161339-2-1024x768.jpg\" alt=\"\" class=\"wp-image-992\" srcset=\"https:\/\/clipenclape.ovh\/wp-content\/uploads\/2025\/02\/20250213_161339-2-1024x768.jpg 1024w, https:\/\/clipenclape.ovh\/wp-content\/uploads\/2025\/02\/20250213_161339-2-300x225.jpg 300w, https:\/\/clipenclape.ovh\/wp-content\/uploads\/2025\/02\/20250213_161339-2-768x576.jpg 768w, https:\/\/clipenclape.ovh\/wp-content\/uploads\/2025\/02\/20250213_161339-2-1536x1152.jpg 1536w, https:\/\/clipenclape.ovh\/wp-content\/uploads\/2025\/02\/20250213_161339-2-2048x1536.jpg 2048w, https:\/\/clipenclape.ovh\/wp-content\/uploads\/2025\/02\/20250213_161339-2-1200x900.jpg 1200w, https:\/\/clipenclape.ovh\/wp-content\/uploads\/2025\/02\/20250213_161339-2-1980x1485.jpg 1980w\" sizes=\"(max-width: 1024px) 100vw, 1024px\" \/><\/figure>\n\n\n\n<figure class=\"wp-block-image size-large\"><img loading=\"lazy\" decoding=\"async\" width=\"1024\" height=\"768\" data-id=\"1000\" src=\"https:\/\/clipenclape.ovh\/wp-content\/uploads\/2025\/02\/20250213_161251-3-1024x768.jpg\" alt=\"\" class=\"wp-image-1000\" srcset=\"https:\/\/clipenclape.ovh\/wp-content\/uploads\/2025\/02\/20250213_161251-3-1024x768.jpg 1024w, https:\/\/clipenclape.ovh\/wp-content\/uploads\/2025\/02\/20250213_161251-3-300x225.jpg 300w, https:\/\/clipenclape.ovh\/wp-content\/uploads\/2025\/02\/20250213_161251-3-768x576.jpg 768w, https:\/\/clipenclape.ovh\/wp-content\/uploads\/2025\/02\/20250213_161251-3-1536x1152.jpg 1536w, https:\/\/clipenclape.ovh\/wp-content\/uploads\/2025\/02\/20250213_161251-3-2048x1536.jpg 2048w, https:\/\/clipenclape.ovh\/wp-content\/uploads\/2025\/02\/20250213_161251-3-1200x900.jpg 1200w, https:\/\/clipenclape.ovh\/wp-content\/uploads\/2025\/02\/20250213_161251-3-1980x1485.jpg 1980w\" sizes=\"(max-width: 1024px) 100vw, 1024px\" \/><\/figure>\n\n\n\n<figure class=\"wp-block-image size-large\"><img loading=\"lazy\" decoding=\"async\" width=\"1024\" height=\"768\" data-id=\"1002\" src=\"https:\/\/clipenclape.ovh\/wp-content\/uploads\/2025\/02\/20250213_161249-3-1024x768.jpg\" alt=\"\" class=\"wp-image-1002\" srcset=\"https:\/\/clipenclape.ovh\/wp-content\/uploads\/2025\/02\/20250213_161249-3-1024x768.jpg 1024w, https:\/\/clipenclape.ovh\/wp-content\/uploads\/2025\/02\/20250213_161249-3-300x225.jpg 300w, https:\/\/clipenclape.ovh\/wp-content\/uploads\/2025\/02\/20250213_161249-3-768x576.jpg 768w, https:\/\/clipenclape.ovh\/wp-content\/uploads\/2025\/02\/20250213_161249-3-1536x1152.jpg 1536w, https:\/\/clipenclape.ovh\/wp-content\/uploads\/2025\/02\/20250213_161249-3-2048x1536.jpg 2048w, https:\/\/clipenclape.ovh\/wp-content\/uploads\/2025\/02\/20250213_161249-3-1200x900.jpg 1200w, https:\/\/clipenclape.ovh\/wp-content\/uploads\/2025\/02\/20250213_161249-3-1980x1485.jpg 1980w\" sizes=\"(max-width: 1024px) 100vw, 1024px\" \/><\/figure>\n\n\n\n<figure class=\"wp-block-image size-large\"><img loading=\"lazy\" decoding=\"async\" width=\"768\" height=\"1024\" data-id=\"1003\" src=\"https:\/\/clipenclape.ovh\/wp-content\/uploads\/2025\/02\/20250213_161233-3-768x1024.jpg\" alt=\"\" class=\"wp-image-1003\" srcset=\"https:\/\/clipenclape.ovh\/wp-content\/uploads\/2025\/02\/20250213_161233-3-768x1024.jpg 768w, https:\/\/clipenclape.ovh\/wp-content\/uploads\/2025\/02\/20250213_161233-3-225x300.jpg 225w, https:\/\/clipenclape.ovh\/wp-content\/uploads\/2025\/02\/20250213_161233-3-1152x1536.jpg 1152w, https:\/\/clipenclape.ovh\/wp-content\/uploads\/2025\/02\/20250213_161233-3-1536x2048.jpg 1536w, https:\/\/clipenclape.ovh\/wp-content\/uploads\/2025\/02\/20250213_161233-3-1200x1600.jpg 1200w, https:\/\/clipenclape.ovh\/wp-content\/uploads\/2025\/02\/20250213_161233-3-1980x2640.jpg 1980w, https:\/\/clipenclape.ovh\/wp-content\/uploads\/2025\/02\/20250213_161233-3-scaled.jpg 1920w\" sizes=\"(max-width: 768px) 100vw, 768px\" \/><\/figure>\n\n\n\n<figure class=\"wp-block-image size-large\"><img loading=\"lazy\" decoding=\"async\" width=\"768\" height=\"1024\" data-id=\"995\" src=\"https:\/\/clipenclape.ovh\/wp-content\/uploads\/2025\/02\/20250213_161232-2-768x1024.jpg\" alt=\"\" class=\"wp-image-995\" srcset=\"https:\/\/clipenclape.ovh\/wp-content\/uploads\/2025\/02\/20250213_161232-2-768x1024.jpg 768w, https:\/\/clipenclape.ovh\/wp-content\/uploads\/2025\/02\/20250213_161232-2-225x300.jpg 225w, https:\/\/clipenclape.ovh\/wp-content\/uploads\/2025\/02\/20250213_161232-2-1152x1536.jpg 1152w, https:\/\/clipenclape.ovh\/wp-content\/uploads\/2025\/02\/20250213_161232-2-1536x2048.jpg 1536w, https:\/\/clipenclape.ovh\/wp-content\/uploads\/2025\/02\/20250213_161232-2-1200x1600.jpg 1200w, https:\/\/clipenclape.ovh\/wp-content\/uploads\/2025\/02\/20250213_161232-2-1980x2640.jpg 1980w, https:\/\/clipenclape.ovh\/wp-content\/uploads\/2025\/02\/20250213_161232-2-scaled.jpg 1920w\" sizes=\"(max-width: 768px) 100vw, 768px\" \/><\/figure>\n\n\n\n<figure class=\"wp-block-image size-large\"><img loading=\"lazy\" decoding=\"async\" width=\"768\" height=\"1024\" data-id=\"991\" src=\"https:\/\/clipenclape.ovh\/wp-content\/uploads\/2025\/02\/20250213_161158-2-768x1024.jpg\" alt=\"\" class=\"wp-image-991\" srcset=\"https:\/\/clipenclape.ovh\/wp-content\/uploads\/2025\/02\/20250213_161158-2-768x1024.jpg 768w, https:\/\/clipenclape.ovh\/wp-content\/uploads\/2025\/02\/20250213_161158-2-225x300.jpg 225w, https:\/\/clipenclape.ovh\/wp-content\/uploads\/2025\/02\/20250213_161158-2-1152x1536.jpg 1152w, https:\/\/clipenclape.ovh\/wp-content\/uploads\/2025\/02\/20250213_161158-2-1536x2048.jpg 1536w, https:\/\/clipenclape.ovh\/wp-content\/uploads\/2025\/02\/20250213_161158-2-1200x1600.jpg 1200w, https:\/\/clipenclape.ovh\/wp-content\/uploads\/2025\/02\/20250213_161158-2-1980x2640.jpg 1980w, https:\/\/clipenclape.ovh\/wp-content\/uploads\/2025\/02\/20250213_161158-2-scaled.jpg 1920w\" sizes=\"(max-width: 768px) 100vw, 768px\" \/><\/figure>\n\n\n\n<figure class=\"wp-block-image size-large\"><img loading=\"lazy\" decoding=\"async\" width=\"768\" height=\"1024\" data-id=\"999\" src=\"https:\/\/clipenclape.ovh\/wp-content\/uploads\/2025\/02\/20250213_161150-2-768x1024.jpg\" alt=\"\" class=\"wp-image-999\" srcset=\"https:\/\/clipenclape.ovh\/wp-content\/uploads\/2025\/02\/20250213_161150-2-768x1024.jpg 768w, https:\/\/clipenclape.ovh\/wp-content\/uploads\/2025\/02\/20250213_161150-2-225x300.jpg 225w, https:\/\/clipenclape.ovh\/wp-content\/uploads\/2025\/02\/20250213_161150-2-1152x1536.jpg 1152w, https:\/\/clipenclape.ovh\/wp-content\/uploads\/2025\/02\/20250213_161150-2-1536x2048.jpg 1536w, https:\/\/clipenclape.ovh\/wp-content\/uploads\/2025\/02\/20250213_161150-2-1200x1600.jpg 1200w, https:\/\/clipenclape.ovh\/wp-content\/uploads\/2025\/02\/20250213_161150-2-1980x2640.jpg 1980w, https:\/\/clipenclape.ovh\/wp-content\/uploads\/2025\/02\/20250213_161150-2-scaled.jpg 1920w\" sizes=\"(max-width: 768px) 100vw, 768px\" \/><\/figure>\n\n\n\n<figure class=\"wp-block-image size-large\"><img loading=\"lazy\" decoding=\"async\" width=\"768\" height=\"1024\" data-id=\"1004\" src=\"https:\/\/clipenclape.ovh\/wp-content\/uploads\/2025\/02\/20250213_161127-3-768x1024.jpg\" alt=\"\" class=\"wp-image-1004\" srcset=\"https:\/\/clipenclape.ovh\/wp-content\/uploads\/2025\/02\/20250213_161127-3-768x1024.jpg 768w, https:\/\/clipenclape.ovh\/wp-content\/uploads\/2025\/02\/20250213_161127-3-225x300.jpg 225w, https:\/\/clipenclape.ovh\/wp-content\/uploads\/2025\/02\/20250213_161127-3-1152x1536.jpg 1152w, https:\/\/clipenclape.ovh\/wp-content\/uploads\/2025\/02\/20250213_161127-3-1536x2048.jpg 1536w, https:\/\/clipenclape.ovh\/wp-content\/uploads\/2025\/02\/20250213_161127-3-1200x1600.jpg 1200w, https:\/\/clipenclape.ovh\/wp-content\/uploads\/2025\/02\/20250213_161127-3-1980x2640.jpg 1980w, https:\/\/clipenclape.ovh\/wp-content\/uploads\/2025\/02\/20250213_161127-3-scaled.jpg 1920w\" sizes=\"(max-width: 768px) 100vw, 768px\" \/><\/figure>\n\n\n\n<figure class=\"wp-block-image size-large\"><img loading=\"lazy\" decoding=\"async\" width=\"768\" height=\"1024\" data-id=\"989\" src=\"https:\/\/clipenclape.ovh\/wp-content\/uploads\/2025\/02\/20250213_161124-2-768x1024.jpg\" alt=\"\" class=\"wp-image-989\" srcset=\"https:\/\/clipenclape.ovh\/wp-content\/uploads\/2025\/02\/20250213_161124-2-768x1024.jpg 768w, https:\/\/clipenclape.ovh\/wp-content\/uploads\/2025\/02\/20250213_161124-2-225x300.jpg 225w, https:\/\/clipenclape.ovh\/wp-content\/uploads\/2025\/02\/20250213_161124-2-1152x1536.jpg 1152w, https:\/\/clipenclape.ovh\/wp-content\/uploads\/2025\/02\/20250213_161124-2-1536x2048.jpg 1536w, https:\/\/clipenclape.ovh\/wp-content\/uploads\/2025\/02\/20250213_161124-2-1200x1600.jpg 1200w, https:\/\/clipenclape.ovh\/wp-content\/uploads\/2025\/02\/20250213_161124-2-1980x2640.jpg 1980w, https:\/\/clipenclape.ovh\/wp-content\/uploads\/2025\/02\/20250213_161124-2-scaled.jpg 1920w\" sizes=\"(max-width: 768px) 100vw, 768px\" \/><\/figure>\n<\/figure>\n","protected":false},"excerpt":{"rendered":"<p>Les jeudis de 14 h 15 \u00e0 17 h 30, Salle Polyvalente Christiane animera cet atelier cr\u00e9atif et sera heureuse de vous recevoir.Avec sa gentillesse et sa bonne humeur habituelle, elle vous donnera :\u00a0conseils, id\u00e9es, marches \u00e0 suivre pour vos projets de couture ou de cr\u00e9ation&#8230; Atelier anti-stress !!! Dans une autre partie de la [&hellip;]<\/p>\n","protected":false},"author":1,"featured_media":0,"parent":0,"menu_order":0,"comment_status":"closed","ping_status":"closed","template":"","meta":{"footnotes":""},"class_list":["post-88","page","type-page","status-publish","hentry"],"_links":{"self":[{"href":"https:\/\/clipenclape.ovh\/index.php\/wp-json\/wp\/v2\/pages\/88","targetHints":{"allow":["GET"]}}],"collection":[{"href":"https:\/\/clipenclape.ovh\/index.php\/wp-json\/wp\/v2\/pages"}],"about":[{"href":"https:\/\/clipenclape.ovh\/index.php\/wp-json\/wp\/v2\/types\/page"}],"author":[{"embeddable":true,"href":"https:\/\/clipenclape.ovh\/index.php\/wp-json\/wp\/v2\/users\/1"}],"replies":[{"embeddable":true,"href":"https:\/\/clipenclape.ovh\/index.php\/wp-json\/wp\/v2\/comments?post=88"}],"version-history":[{"count":21,"href":"https:\/\/clipenclape.ovh\/index.php\/wp-json\/wp\/v2\/pages\/88\/revisions"}],"predecessor-version":[{"id":1306,"href":"https:\/\/clipenclape.ovh\/index.php\/wp-json\/wp\/v2\/pages\/88\/revisions\/1306"}],"wp:attachment":[{"href":"https:\/\/clipenclape.ovh\/index.php\/wp-json\/wp\/v2\/media?parent=88"}],"curies":[{"name":"wp","href":"https:\/\/api.w.org\/{rel}","templated":true}]}}